*r - r**2 + r**l. Determine i(-3).
9
Let v(h) = 2*h - 2. Suppose 17*i + 91 = 4*i. Calculate v(i).
-16
Let t(n) = -4*n + 71. Let x be t(17). Suppose x*b = 2*a + 7*b + 2, 3*a = 2*b + 5. Let c(y) = -3*y - 1. Calculate c(a).
-4
Let i = 41 + -41. Suppose i*v + 6*v = 18. Let h(u) = -u**3 + 2*u**2 + 4*u - 2. Give h(v).
1
Let t(i) = -5*i - 51. Let u(x) = 2*x + 19. Let v(n) = -4*t(n) - 11*u(n). Calculate v(-2).
-1
Suppose 3*c - 15 = -c + q, -2*q = -2*c + 6. Suppose 0 = 4*w + c. Let y(x) = -3*x**2. What is y(w)?
-3
Let i(v) be the second derivative of v**4/12 - 4*v**3/3 + 3*v**2 + 519*v. Calculate i(7).
-1
Let k(u) = -2*u**2 + 20*u - 19. Let g be k(1). Let y(r) = -4*r + 2. Determine y(g).
6
Let t(l) = -l**3 + l + 2. Let d(h) = -h**3 - 6*h**2 + 2. Let i = 15 - 21. Let a be d(i). Determine t(a).
-4
Suppose 0 = 17*q - 46*q + 29. Let i(t) = 7*t**2 - 1. Calculate i(q).
6
Suppose -140 = -9*l - 50. Let z(o) = -2*o + 18. What is z(l)?
-2
Let f(v) = -2*v + 14. Let l be f(8). Let n(d) = -8*d - 2. Give n(l).
14
Let o(p) be the third derivative of p**6/120 + 7*p**5/60 + p**4/6 + p**3/2 + 2*p**2. What is o(-6)?
15
Suppose -x - 16 = 2*o, 2*o + 0*o + 24 = 3*x. Let r(h) = -h**3 - 10*h**2 - 8*h + 3. Give r(o).
-6
Let u(j) = j. Let h(n) = 23 - 66 + 32 - n. Let m be h(-5). What is u(m)?
-6
Let i(n) be the third derivative of n**4/12 + 11*n**3/6 + 3*n**2 + 33. Determine i(-5).
1
Suppose -5*n - 5*b = 35, -5*n - 4*b = 5 + 28. Let r(h) = 3*h - 2 + 0*h + 3 - 4*h. Let v(m) = -m**2 - 2*m - 7. Let z(f) = -4*r(f) - v(f). Determine z(n).
-2
Let a(b) = 3*b - 1. Suppose 0 = -o - 2*o. Suppose o = -k + 4 - 3. Determine a(k).
2
Let p(z) = -z**2 - 3*z - 3*z**2 + 4*z + z**3 + 4*z**2. Calculate p(0).
0
Let c be (-7)/(-28) - 11/(-4). Suppose -c*q = -2*v - 2*q + 16, -3*q = 6. Let z(f) = -2*f + 11. Let w(m) = -3*m + 21. Let n(s) = v*z(s) - 4*w(s). What is n(-6)?
5
Suppose -4*q + 61 - 45 = 0. Let t(p) = 9*p**3 - 17*p**2 + 19*p - 1. Let n(a) = 5*a**3 - 9*a**2 + 10*a. Let y(i) = 7*n(i) - 4*t(i). Calculate y(q).
-4
Let r(s) be the second derivative of -s**4/12 + 3*s**3/2 - 11*s**2/2 - 100*s. Determine r(6).
7
Let a(f) be the second derivative of -f**3/3 + 7*f**2/2 - 4*f. Let g = -435 + 442. What is a(g)?
-7
Let j(y) = -y**3 + 5*y**2 + 7*y. Let p be j(6). Suppose 0 = 4*x - 2*x - p. Let c(l) = -l**3 - 2*l**2 + l**3 + l**3 + 0*l**x. Give c(3).
9
Let g be ((-3 + 8)/(-10))/((-1)/8). Let f(u) = -5*u - 6*u**2 - g + 0*u + u**2 + 6*u**2. Calculate f(7).
10
Let y(i) = -i**3 - 6*i**2 - 2. Let k be y(-6). Let s(a) = 3*a**2 + 2*a. What is s(k)?
8
Let r = 52 - 41. Let q = 9 - r. Let y(w) = -7*w + 1. Determine y(q).
15
Let k be (6/(-4) - -3)*-4. Let n be (-662)/6 + k/9. Let t be n/(-21) + (-2)/7. Let f(o) = o**3 - 5*o**2 - 5. Determine f(t).
-5
Suppose -2*z = -1 - 3. Suppose 8 = z*n - 6. Suppose -4*l = -13 - n. Let w(c) = -c**3 + 5*c**2 + 2. Calculate w(l).
2
Let j(h) = h**3 - 3*h**2 + 2*h - 2. Let a be j(2). Let r(g) = 2 + 2*g**2 - 191205*g - 1 + 191206*g - 3. Calculate r(a).
4
Suppose 108 = 9*b - 81. Let o(a) = 2*a**2 + 8*a + 6. Let j be o(-5). Let q = j - b. Let c(g) = g**2 + 6*g - 6. Calculate c(q).
-11
Let b(u) = 7*u + 3. Let i(n) = n**2 + 14*n + 41. Let r be i(-5). Determine b(r).
-25
Let w(x) = x**3 + 6*x**2 + 5*x - 2. Suppose 3*v = z - 6*z + 607, 2*v = -2. Let r = z + -127. Calculate w(r).
-2
Let l be 4/(-14) + 148/28. Let b(v) = 2 - v**3 + 5*v + l*v**2 + 2*v - v. Let g(k) = 3*k + 183. Let f be g(-59). Calculate b(f).
2
Let w(f) be the first derivative of -f**2/2 - 6*f + 1. Suppose -63 = 58*d - 61*d. Suppose 6 = -9*p - d. Calculate w(p).
-3
Let v(y) = y**2 - y - 1. Let w be v(2). Let x(o) = o + 0*o - w + 3*o - 3*o. Give x(3).
2
Let h be (-86)/4*(-3 + 5). Let o = h - -41. Let u(c) = -c**3 - 3*c**2 - 4*c - 3. Give u(o).
1
Suppose -2*m - m = 0. Suppose 2*t - 3*u - 17 = m, t - 2 = -18*u + 13*u. Let r(w) = w - 8. Determine r(t).
-1
Let g(m) = 14*m**3 + 1. Suppose 0 = 8*b - 2*b. Suppose b = 5*r - 7*r - 2. Give g(r).
-13
Let i(j) = -j**2 - 5*j + 7. Suppose 10 = 4*a + 2*k, 0 = -0*a + a - 2*k - 15. Suppose -a*h = -y + 29, 0 = -7*h + 2*h - 3*y - 33. Determine i(h).
1
Let a(p) be the third derivative of p**5/12 - p**4/24 - p**3/6 + 45*p**2. What is a(-1)?
5
Suppose -10*j = -3*j - 49. Let k(v) = -15*v**2 + 7*v - 3. Let p(o) = -5*o**2 + 2*o - 1. Let l(f) = j*p(f) - 2*k(f). Calculate l(1).
-6
Let c(k) = 0*k + 2 - k - 2*k. Let d = 2157 + -2153. Calculate c(d).
-10
Let g(w) = 10*w**2 + 22*w + 14. Let d(t) = -3*t**2 - 7*t - 5. Let b(x) = -7*d(x) - 2*g(x). Determine b(-4).
3
Suppose -x - 5*l = 9, 2*x - 5*x = 2*l + 40. Let z(k) = k**3 + 14*k**2 + 3. Let i be z(x). Let a(q) = 2*q + 1. What is a(i)?
7
Let m(x) = -3 + 2*x + 4*x**2 - 3*x**2 - 3. Let v(r) = 45*r - 411. Let t be v(9). Determine m(t).
18
Let n(d) = -2*d - 2. Let i = -26 - -24. Let t be 6*i/(-6)*-3. Let u(p) = 2*p + 2. Let b(x) = t*n(x) - 7*u(x). Determine b(-4).
6
Let s(a) = -2*a**2 + 3*a + 3. Suppose -5*u - 157 = -3*y, 4*y + 3*u - 211 = 8*u. Let l be (-4)/16 + y/(-8). Let t = l - -10. Calculate s(t).
-6
Let p(y) be the second derivative of -y**5/20 + y**3/2 - 2*y**2 + 7*y. Determine p(3).
-22
Let k = -24 - -21. Let f be 4 - k/(5 - 2). Let x(n) = n**2 - 5*n + 3. Give x(f).
3
Let g(t) = -t**2 + t - 4. Let m(n) = 2*n**2 - 2*n + 9. Let p(i) = -5*g(i) - 2*m(i). Suppose a + 7 = -6. Let c = -13 - a. Give p(c).
2
Let j(w) = -w - 1. Let m be j(-4). Let b(y) be the first derivative of -37 - 3*y - 1/3*y**3 + 2*y**2. What is b(m)?
0
Let j(f) be the first derivative of -f**4/4 + f**3/3 + f**2/2 + f + 898. Suppose 0 = -i - 0*i. Determine j(i).
1
Let s(z) be the third derivative of z**6/60 - z**5/30 + z**3/6 - 451*z**2. Let r = 6 - 4. Calculate s(r).
9
Let m(t) = -t**3 - 10*t**2 + 13*t + 25. Let y be m(-11). Let x(a) be the first derivative of -a**4/2 + 5*a**3/3 - a**2/2 - 4*a - 3. What is x(y)?
-16
Suppose 0 = 85*t - 34*t - 153. Let x be (3/(-4))/(1/(-4)). Let y(n) = x + n + 0 + n. Determine y(t).
9
Let q be -1*(0 + 4)/(-4)*0. Let s(n) = n + 5 + q*n + 9*n - 4. Give s(-1).
-9
Let h be 18/(-27)*(-54)/4. Suppose h*i = 5*i. Let k(s) = 0 + i*s - 2 + s + 7. Calculate k(5).
10
Let a = -492 - -489. Let j(m) = m**3 + 2*m**2 + 7. Give j(a).
-2
Let t(d) be the second derivative of -3/2*d**2 + 1/2*d**3 + 0 + 8*d. Let c(v) = -v**2 + 7*v - 2. Let z be c(6). What is t(z)?
9
Let w = -13 + 13. Suppose w = 13*k - 18*k. Let m(z) = -2*z + 6*z - 3*z + k - 3. Give m(-6).
-9
Let d = -17 - -21. Suppose 7*t - 21 = d*t. Let h(n) = n**3 + 3 - 5 - 7*n**2 - 5 + 2*n + 0. Determine h(t).
7
Let i(y) = 5*y**3 - 6*y + 1. Let w(f) = 14*f**3 - f**2 - 17*f + 3. Let h(j) = 11*i(j) - 4*w(j). Determine h(4).
7
Let g(q) = -q**3 - 4*q**2 - 6*q + 2. Let h be g(-2). Suppose -h*a + 11*a = 20. Let j(w) = w**3 - 6*w**2 + 4*w. Give j(a).
-16
Let z(n) = n**2 + 2*n + 3. Let f be z(-2). Let t(s) = s - 3*s**2 - 1 + s**2 + 2 - s**f. Let m = 15 + -17. Calculate t(m).
-1
Let s(y) be the third derivative of y**5/4 - y**3/6 - 176*y**2. Give s(1).
14
Let j(m) = -3*m**2 + 2*m + 2. Let s(c) = 6*c + 8 - 2*c - 5*c. Let n(r) = r**2 - 22*r + 118. Let z be n(14). Let q be s(z). Give j(q).
-6
Let f(n) = -2*n**2 - 39*n + 22. Let k be f(-20). Let o(h) = 722*h - 8 - 726*h - h**k + 4. Give o(-5).
-9
Let m(o) = -6*o. Let v(k) be the third derivative of 1/12*k**4 + 0 + 0*k + 3*k**2 - 1/6*k**3. Let b be v(1). What is m(b)?
-6
Suppose g = 4*g + 4*t - 31, 5*t = 3*g - 76. Suppose g - 20 = -b. Let v(n) = -n**2 + 2*n - 2. What is v(b)?
-5
Let w(d) = -8 + 1 + 1 + 24*d + d**2 - 9*d - 3*d**2. Calculate w(6).
12
Let s(j) = j + 27. Let f be s(-19). Suppose 90 = f*d + 7*d. Let i(h) = -h**2 + 7*h - 4. Calculate i(d).
2
Let g(o) = 0 + 1 + 15 - 4 + 2*o - 17. Suppose -4*j - 4*s + 3*s = -24, 3*s = -3*j + 27. Calculate g(j).
5
Let k(o) = 9*o**2 + o. Let b be k(-1). Let j = b + -4. Let m(i) = 6*i - j - 5*i + 2 + 3*i. Give m(2).
6
Let p(g) = 0*g + 5 - g + 0*g. Suppose 568 = -8*m + 520. Give p(m).
11
Let c(w) = -w**3 + 3*w**2 - 2*w + 1. Suppose 11*h = 4*h + 70. Suppose 2*f - 4*p - h = f, -f - 3*p = 4. What is c(f)?
1
Let w(k) = 4*k - 4. Let i be w(2). Let n(y) = -1 + i*y - 3*y + 0 - 2*y**2 + 3*y**2. What is n(-2)?
1
Let a(v) = -v**3 + 9*v**2 + 2. Let f be a(9). Let w(i) = 25*i - 52*i + 25*i - i**f. Determine w(3).
-15
Let w(f) be the first derivative of -f**3/3